{"id":76,"date":"2022-10-10T22:33:09","date_gmt":"2022-10-10T20:33:09","guid":{"rendered":"https:\/\/galilee.eedf.fr\/wp\/chanterauxecles\/?page_id=76"},"modified":"2022-10-10T22:45:50","modified_gmt":"2022-10-10T20:45:50","slug":"cest-quoi-ce-defi-cest-quoi-ce-carnet","status":"publish","type":"page","link":"https:\/\/galilee.eedf.fr\/wp\/chanterauxecles\/cest-quoi-ce-defi-cest-quoi-ce-carnet\/","title":{"rendered":"C&rsquo;est quoi ce d\u00e9fi ? C&rsquo;est quoi ce carnet ?"},"content":{"rendered":"\n<p>C&rsquo;est un recueil de 12 chants \u00e0 apprendre et diffuser dans toute l&rsquo;association des <a href=\"https:\/\/eedf.fr\">Eclaireuses Eclaireurs de France<\/a> ! <\/p>\n\n\n\n<p>Ces chants ont \u00e9t\u00e9 choisis par des \u00e9cl\u00e9\u00b7es \u00e0 l&rsquo;initiative de la dynamique <strong>\u00ab\u00a0Chantons!\u00a0\u00bb<\/strong>, un \u00e9lan informel m\u00fb par la joie de chanter ensemble et l&rsquo;envie de renforcer la culture du chant collectif dans l&rsquo;association. Notre devise ? <strong>\u00ab\u00a0Pas besoin de chanter juste, on veut juste chanter!\u00a0\u00bb<\/strong><\/p>\n\n\n\n<p>L&rsquo;objectif dans ce carnet, c&rsquo;est d&rsquo;avoir de la vari\u00e9t\u00e9 : des classiques et des chants qui renouvellent le r\u00e9pertoire, des chants faciles ou plus complexes accessibles aux diff\u00e9rentes branches, des chants joyeux et des chants tristes, des chants \u00e0 r\u00e9p\u00e9ter, \u00e0 danser, \u00e0 chanter en canon, des chants lents et des chants rapides, des chants qui abordent plein de sujets diff\u00e9rents et sans messages oppressifs (sexistes, racistes, homophobes&#8230;), des chants qui nous donnent envie de chanter et d&rsquo;agrandir ce carnet de chant.<\/p>\n\n\n\n<p>Nous avons parfois modifi\u00e9 le texte original pour promouvoir des chants inclusifs. Les termes ou phrases modifi\u00e9es sont signal\u00e9es par un *<\/p>\n\n\n\n<p>Pour cr\u00e9er l&rsquo;unisson aux EEDF rien de tel qu&rsquo;un r\u00e9pertoire partag\u00e9 ! Pour commencer humblement mais s\u00fbrement, ce carnet de chant a vocation \u00e0 (re)cr\u00e9er une base commune.<\/p>\n\n\n\n<h3 class=\"wp-block-heading\"><strong>Et le d\u00e9fi ?<\/strong><\/h3>\n\n\n\n<p>On vous explique tout en images <\/p>\n\n\n\n<figure class=\"wp-block-video aligncenter\"><video controls src=\"https:\/\/galilee.eedf.fr\/chanterauxecles\/Defi_des_12_chants_169.mp4\"><\/video><\/figure>\n","protected":false},"excerpt":{"rendered":"<p>C&rsquo;est un recueil de 12 chants \u00e0 apprendre et diffuser dans toute l&rsquo;association des Eclaireuses Eclaireurs de France ! Ces chants ont \u00e9t\u00e9 choisis par des \u00e9cl\u00e9\u00b7es \u00e0 l&rsquo;initiative de la dynamique \u00ab\u00a0Chantons!\u00a0\u00bb, un \u00e9lan informel m\u00fb par la joie de chanter ensemble et l&rsquo;envie de renforcer la culture du chant collectif dans l&rsquo;association. Notre [&hellip;]<\/p>\n","protected":false},"author":6,"featured_media":0,"parent":0,"menu_order":0,"comment_status":"closed","ping_status":"closed","template":"","meta":{"footnotes":""},"class_list":["post-76","page","type-page","status-publish","hentry"],"yoast_head":"<!-- This site is optimized with the Yoast SEO plugin v27.4 - https:\/\/yoast.com\/product\/yoast-seo-wordpress\/ -->\n<title>C&#039;est quoi ce d\u00e9fi ? C&#039;est quoi ce carnet ? - Le d\u00e9fi des 12 chants<\/title>\n<meta name=\"robots\" content=\"index, follow, max-snippet:-1, max-image-preview:large, max-video-preview:-1\" \/>\n<link rel=\"canonical\" href=\"https:\/\/galilee.eedf.fr\/wp\/chanterauxecles\/cest-quoi-ce-defi-cest-quoi-ce-carnet\/\" \/>\n<meta property=\"og:locale\" content=\"fr_FR\" \/>\n<meta property=\"og:type\" content=\"article\" \/>\n<meta property=\"og:title\" content=\"C&#039;est quoi ce d\u00e9fi ? C&#039;est quoi ce carnet ? - Le d\u00e9fi des 12 chants\" \/>\n<meta property=\"og:description\" content=\"C&rsquo;est un recueil de 12 chants \u00e0 apprendre et diffuser dans toute l&rsquo;association des Eclaireuses Eclaireurs de France ! Ces chants ont \u00e9t\u00e9 choisis par des \u00e9cl\u00e9\u00b7es \u00e0 l&rsquo;initiative de la dynamique \u00ab\u00a0Chantons!\u00a0\u00bb, un \u00e9lan informel m\u00fb par la joie de chanter ensemble et l&rsquo;envie de renforcer la culture du chant collectif dans l&rsquo;association. Notre [&hellip;]\" \/>\n<meta property=\"og:url\" content=\"https:\/\/galilee.eedf.fr\/wp\/chanterauxecles\/cest-quoi-ce-defi-cest-quoi-ce-carnet\/\" \/>\n<meta property=\"og:site_name\" content=\"Le d\u00e9fi des 12 chants\" \/>\n<meta property=\"article:modified_time\" content=\"2022-10-10T20:45:50+00:00\" \/>\n<meta name=\"twitter:card\" content=\"summary_large_image\" \/>\n<meta name=\"twitter:label1\" content=\"Dur\u00e9e de lecture estim\u00e9e\" \/>\n\t<meta name=\"twitter:data1\" content=\"2 minutes\" \/>\n<script type=\"application\/ld+json\" class=\"yoast-schema-graph\">{\"@context\":\"https:\\\/\\\/schema.org\",\"@graph\":[{\"@type\":\"WebPage\",\"@id\":\"https:\\\/\\\/galilee.eedf.fr\\\/wp\\\/chanterauxecles\\\/cest-quoi-ce-defi-cest-quoi-ce-carnet\\\/\",\"url\":\"https:\\\/\\\/galilee.eedf.fr\\\/wp\\\/chanterauxecles\\\/cest-quoi-ce-defi-cest-quoi-ce-carnet\\\/\",\"name\":\"C'est quoi ce d\u00e9fi ? C'est quoi ce carnet ? - Le d\u00e9fi des 12 chants\",\"isPartOf\":{\"@id\":\"https:\\\/\\\/galilee.eedf.fr\\\/wp\\\/chanterauxecles\\\/#website\"},\"datePublished\":\"2022-10-10T20:33:09+00:00\",\"dateModified\":\"2022-10-10T20:45:50+00:00\",\"breadcrumb\":{\"@id\":\"https:\\\/\\\/galilee.eedf.fr\\\/wp\\\/chanterauxecles\\\/cest-quoi-ce-defi-cest-quoi-ce-carnet\\\/#breadcrumb\"},\"inLanguage\":\"fr-FR\",\"potentialAction\":[{\"@type\":\"ReadAction\",\"target\":[\"https:\\\/\\\/galilee.eedf.fr\\\/wp\\\/chanterauxecles\\\/cest-quoi-ce-defi-cest-quoi-ce-carnet\\\/\"]}]},{\"@type\":\"BreadcrumbList\",\"@id\":\"https:\\\/\\\/galilee.eedf.fr\\\/wp\\\/chanterauxecles\\\/cest-quoi-ce-defi-cest-quoi-ce-carnet\\\/#breadcrumb\",\"itemListElement\":[{\"@type\":\"ListItem\",\"position\":1,\"name\":\"Accueil\",\"item\":\"https:\\\/\\\/galilee.eedf.fr\\\/wp\\\/chanterauxecles\\\/\"},{\"@type\":\"ListItem\",\"position\":2,\"name\":\"C&rsquo;est quoi ce d\u00e9fi ? C&rsquo;est quoi ce carnet ?\"}]},{\"@type\":\"WebSite\",\"@id\":\"https:\\\/\\\/galilee.eedf.fr\\\/wp\\\/chanterauxecles\\\/#website\",\"url\":\"https:\\\/\\\/galilee.eedf.fr\\\/wp\\\/chanterauxecles\\\/\",\"name\":\"Le d\u00e9fi des 12 chants\",\"description\":\"Pas besoin de chanter juste, on veut juste chanter!\",\"publisher\":{\"@id\":\"https:\\\/\\\/galilee.eedf.fr\\\/wp\\\/chanterauxecles\\\/#organization\"},\"potentialAction\":[{\"@type\":\"SearchAction\",\"target\":{\"@type\":\"EntryPoint\",\"urlTemplate\":\"https:\\\/\\\/galilee.eedf.fr\\\/wp\\\/chanterauxecles\\\/?s={search_term_string}\"},\"query-input\":{\"@type\":\"PropertyValueSpecification\",\"valueRequired\":true,\"valueName\":\"search_term_string\"}}],\"inLanguage\":\"fr-FR\"},{\"@type\":\"Organization\",\"@id\":\"https:\\\/\\\/galilee.eedf.fr\\\/wp\\\/chanterauxecles\\\/#organization\",\"name\":\"Association \u00c9claireuses \u00c9claireurs de France Midi-Pyr\u00e9n\u00e9es\",\"url\":\"https:\\\/\\\/galilee.eedf.fr\\\/wp\\\/chanterauxecles\\\/\",\"logo\":{\"@type\":\"ImageObject\",\"inLanguage\":\"fr-FR\",\"@id\":\"https:\\\/\\\/galilee.eedf.fr\\\/wp\\\/chanterauxecles\\\/#\\\/schema\\\/logo\\\/image\\\/\",\"url\":\"https:\\\/\\\/galilee.eedf.fr\\\/wp\\\/eedfmidipy\\\/wp-content\\\/uploads\\\/sites\\\/2\\\/2017\\\/12\\\/Logo-EEDF-couleur.png\",\"contentUrl\":\"https:\\\/\\\/galilee.eedf.fr\\\/wp\\\/eedfmidipy\\\/wp-content\\\/uploads\\\/sites\\\/2\\\/2017\\\/12\\\/Logo-EEDF-couleur.png\",\"width\":2220,\"height\":2412,\"caption\":\"Association \u00c9claireuses \u00c9claireurs de France Midi-Pyr\u00e9n\u00e9es\"},\"image\":{\"@id\":\"https:\\\/\\\/galilee.eedf.fr\\\/wp\\\/chanterauxecles\\\/#\\\/schema\\\/logo\\\/image\\\/\"}}]}<\/script>\n<!-- \/ Yoast SEO plugin. -->","yoast_head_json":{"title":"C'est quoi ce d\u00e9fi ? C'est quoi ce carnet ? - Le d\u00e9fi des 12 chants","robots":{"index":"index","follow":"follow","max-snippet":"max-snippet:-1","max-image-preview":"max-image-preview:large","max-video-preview":"max-video-preview:-1"},"canonical":"https:\/\/galilee.eedf.fr\/wp\/chanterauxecles\/cest-quoi-ce-defi-cest-quoi-ce-carnet\/","og_locale":"fr_FR","og_type":"article","og_title":"C'est quoi ce d\u00e9fi ? C'est quoi ce carnet ? - Le d\u00e9fi des 12 chants","og_description":"C&rsquo;est un recueil de 12 chants \u00e0 apprendre et diffuser dans toute l&rsquo;association des Eclaireuses Eclaireurs de France ! Ces chants ont \u00e9t\u00e9 choisis par des \u00e9cl\u00e9\u00b7es \u00e0 l&rsquo;initiative de la dynamique \u00ab\u00a0Chantons!\u00a0\u00bb, un \u00e9lan informel m\u00fb par la joie de chanter ensemble et l&rsquo;envie de renforcer la culture du chant collectif dans l&rsquo;association. Notre [&hellip;]","og_url":"https:\/\/galilee.eedf.fr\/wp\/chanterauxecles\/cest-quoi-ce-defi-cest-quoi-ce-carnet\/","og_site_name":"Le d\u00e9fi des 12 chants","article_modified_time":"2022-10-10T20:45:50+00:00","twitter_card":"summary_large_image","twitter_misc":{"Dur\u00e9e de lecture estim\u00e9e":"2 minutes"},"schema":{"@context":"https:\/\/schema.org","@graph":[{"@type":"WebPage","@id":"https:\/\/galilee.eedf.fr\/wp\/chanterauxecles\/cest-quoi-ce-defi-cest-quoi-ce-carnet\/","url":"https:\/\/galilee.eedf.fr\/wp\/chanterauxecles\/cest-quoi-ce-defi-cest-quoi-ce-carnet\/","name":"C'est quoi ce d\u00e9fi ? C'est quoi ce carnet ? - Le d\u00e9fi des 12 chants","isPartOf":{"@id":"https:\/\/galilee.eedf.fr\/wp\/chanterauxecles\/#website"},"datePublished":"2022-10-10T20:33:09+00:00","dateModified":"2022-10-10T20:45:50+00:00","breadcrumb":{"@id":"https:\/\/galilee.eedf.fr\/wp\/chanterauxecles\/cest-quoi-ce-defi-cest-quoi-ce-carnet\/#breadcrumb"},"inLanguage":"fr-FR","potentialAction":[{"@type":"ReadAction","target":["https:\/\/galilee.eedf.fr\/wp\/chanterauxecles\/cest-quoi-ce-defi-cest-quoi-ce-carnet\/"]}]},{"@type":"BreadcrumbList","@id":"https:\/\/galilee.eedf.fr\/wp\/chanterauxecles\/cest-quoi-ce-defi-cest-quoi-ce-carnet\/#breadcrumb","itemListElement":[{"@type":"ListItem","position":1,"name":"Accueil","item":"https:\/\/galilee.eedf.fr\/wp\/chanterauxecles\/"},{"@type":"ListItem","position":2,"name":"C&rsquo;est quoi ce d\u00e9fi ? C&rsquo;est quoi ce carnet ?"}]},{"@type":"WebSite","@id":"https:\/\/galilee.eedf.fr\/wp\/chanterauxecles\/#website","url":"https:\/\/galilee.eedf.fr\/wp\/chanterauxecles\/","name":"Le d\u00e9fi des 12 chants","description":"Pas besoin de chanter juste, on veut juste chanter!","publisher":{"@id":"https:\/\/galilee.eedf.fr\/wp\/chanterauxecles\/#organization"},"potentialAction":[{"@type":"SearchAction","target":{"@type":"EntryPoint","urlTemplate":"https:\/\/galilee.eedf.fr\/wp\/chanterauxecles\/?s={search_term_string}"},"query-input":{"@type":"PropertyValueSpecification","valueRequired":true,"valueName":"search_term_string"}}],"inLanguage":"fr-FR"},{"@type":"Organization","@id":"https:\/\/galilee.eedf.fr\/wp\/chanterauxecles\/#organization","name":"Association \u00c9claireuses \u00c9claireurs de France Midi-Pyr\u00e9n\u00e9es","url":"https:\/\/galilee.eedf.fr\/wp\/chanterauxecles\/","logo":{"@type":"ImageObject","inLanguage":"fr-FR","@id":"https:\/\/galilee.eedf.fr\/wp\/chanterauxecles\/#\/schema\/logo\/image\/","url":"https:\/\/galilee.eedf.fr\/wp\/eedfmidipy\/wp-content\/uploads\/sites\/2\/2017\/12\/Logo-EEDF-couleur.png","contentUrl":"https:\/\/galilee.eedf.fr\/wp\/eedfmidipy\/wp-content\/uploads\/sites\/2\/2017\/12\/Logo-EEDF-couleur.png","width":2220,"height":2412,"caption":"Association \u00c9claireuses \u00c9claireurs de France Midi-Pyr\u00e9n\u00e9es"},"image":{"@id":"https:\/\/galilee.eedf.fr\/wp\/chanterauxecles\/#\/schema\/logo\/image\/"}}]}},"_links":{"self":[{"href":"https:\/\/galilee.eedf.fr\/wp\/chanterauxecles\/wp-json\/wp\/v2\/pages\/76","targetHints":{"allow":["GET"]}}],"collection":[{"href":"https:\/\/galilee.eedf.fr\/wp\/chanterauxecles\/wp-json\/wp\/v2\/pages"}],"about":[{"href":"https:\/\/galilee.eedf.fr\/wp\/chanterauxecles\/wp-json\/wp\/v2\/types\/page"}],"author":[{"embeddable":true,"href":"https:\/\/galilee.eedf.fr\/wp\/chanterauxecles\/wp-json\/wp\/v2\/users\/6"}],"replies":[{"embeddable":true,"href":"https:\/\/galilee.eedf.fr\/wp\/chanterauxecles\/wp-json\/wp\/v2\/comments?post=76"}],"version-history":[{"count":3,"href":"https:\/\/galilee.eedf.fr\/wp\/chanterauxecles\/wp-json\/wp\/v2\/pages\/76\/revisions"}],"predecessor-version":[{"id":83,"href":"https:\/\/galilee.eedf.fr\/wp\/chanterauxecles\/wp-json\/wp\/v2\/pages\/76\/revisions\/83"}],"wp:attachment":[{"href":"https:\/\/galilee.eedf.fr\/wp\/chanterauxecles\/wp-json\/wp\/v2\/media?parent=76"}],"curies":[{"name":"wp","href":"https:\/\/api.w.org\/{rel}","templated":true}]}}